
Is 406218881 a composite number?
True
Is 191740333 a prime number?
True
Is 35042159 prime?
True
Is 15334573 prime?
True
Is 15272449 composite?
True
Is 99633298 composite?
True
Is 36198649 composite?
False
Is 1741513 a composite number?
True
Is 2212123 prime?
True
Is 1359391 composite?
True
Is 31181839 composite?
True
Is 49482463 a composite number?
False
Is 11989177 composite?
False
Is 457937 composite?
True
Is 873515 composite?
True
Is 26136415 a composite number?
True
Is 25780873 composite?
True
Is 287703671 prime?
False
Is 3253793 prime?
False
Is 894072513 a prime number?
False
Is 20918917 a composite number?
False
Is 12660283 a composite number?
False
Is 5935781 composite?
False
Is 121778477 a composite number?
False
Is 63994867 a composite number?
True
Is 70196443 a prime number?
False
Is 23354237 a composite number?
False
Is 148026101 a prime number?
False
Is 11419517 composite?
False
Is 1235929 composite?
False
Is 8164223 composite?
True
Is 1765693 a prime number?
False
Is 96706397 prime?
False
Is 64806783 composite?
True
Is 120509063 prime?
False
Is 358920493 prime?
True
Is 115726349 prime?
True
Is 13621 prime?
False
Is 220224461 a composite number?
False
Is 23367887 a prime number?
True
Is 16549681 a prime number?
True
Is 665485 a composite number?
True
Is 26861599 a composite number?
False
Is 319223657 prime?
True
Is 4533439 a composite number?
False
Is 2652667 composite?
False
Is 2317907 prime?
True
Is 348638371 prime?
True
Is 56156339 composite?
False
Is 51208831 composite?
False
Is 18557939 a prime number?
False
Is 508672553 prime?
True
Is 143726567 a composite number?
False
Is 58078967 a prime number?
False
Is 141234139 a prime number?
True
Is 29806481 prime?
True
Is 38022769 a composite number?
False
Is 68099 prime?
True
Is 615714767 prime?
True
Is 40837049 a composite number?
True
Is 5722859 prime?
True
Is 108649627 composite?
False
Is 113473727 a composite number?
False
Is 502781 a prime number?
True
Is 161230253 composite?
True
Is 5098649 composite?
False
Is 18262381 a prime number?
True
Is 11595239 composite?
False
Is 45131813 prime?
True
Is 16168073 a composite number?
True
Is 443627 a composite number?
True
Is 296573 composite?
True
Is 79682693 a prime number?
True
Is 4643126 composite?
True
Is 30480707 a prime number?
True
Is 117269 composite?
False
Is 253678 composite?
True
Is 87813002 a composite number?
True
Is 12266687 a composite number?
False
Is 187723463 prime?
True
Is 460368221 prime?
True
Is 6019109 composite?
True
Is 268130203 a prime number?
False
Is 130466213 prime?
False
Is 8990123 composite?
False
Is 1983071 a composite number?
True
Is 13645465 prime?
False
Is 243526 a composite number?
True
Is 6743111 composite?
False
Is 27180331 composite?
True
Is 2516507 prime?
False
Is 270293567 a prime number?
False
Is 53903261 a prime number?
True
Is 68516507 composite?
False
Is 41958313 a composite number?
False
Is 5098558 composite?
True
Is 302628643 a prime number?
True
Is 3256217 a composite number?
False
Is 49659121 a prime number?
True
Is 20392321 a composite number?
True
Is 6291623 a prime number?
False
Is 1639061 prime?
True
Is 341611 prime?
False
Is 15852721 composite?
True
Is 2189851 a composite number?
True
Is 5885603 prime?
False
Is 17560913 a composite number?
False
Is 99421809 a prime number?
False
Is 1793734 prime?
False
Is 16772983 a composite number?
False
Is 58635685 a prime number?
False
Is 1395101 a prime number?
False
Is 106653083 a prime number?
False
Is 454516453 composite?
False
Is 136630127 a prime number?
True
Is 110196511 a composite number?
True
Is 669197 a prime number?
False
Is 122008207 composite?
True
Is 35324183 a composite number?
False
Is 4887286 composite?
True
Is 20005289 prime?
True
Is 28031959 a composite number?
False
Is 10286791 a prime number?
True
Is 28889227 prime?
True
Is 3704339 a composite number?
True
Is 12742183 a composite number?
True
Is 1318589 composite?
True
Is 1729289 prime?
False
Is 85823839 composite?
True
Is 833531 composite?
True
Is 908279 prime?
False
Is 32921737 composite?
True
Is 1281131 a prime number?
True
Is 93407053 a prime number?
False
Is 303059 composite?
True
Is 862357663 a prime number?
True
Is 31359767 composite?
False
Is 25270679 a composite number?
True
Is 11813741 composite?
False
Is 715544359 prime?
True
Is 29800409 a prime number?
True
Is 2134619 composite?
True
Is 2468849 a composite number?
True
Is 5571217 a composite number?
True
Is 1179637 prime?
True
Is 89902733 composite?
False
Is 3407507 a prime number?
False
Is 3318481 composite?
True
Is 495983 prime?
True
Is 2166877 a prime number?
True
Is 464639069 prime?
False
Is 7451707 a composite number?
True
Is 1244183 prime?
True
Is 3647542 a prime number?
False
Is 19473439 prime?
False
Is 618923 a composite number?
True
Is 162037779 composite?
True
Is 47939 a prime number?
True
Is 550229891 composite?
False
Is 38385461 prime?
False
Is 28793839 prime?
False
Is 4898513 prime?
False
Is 3537151 a composite number?
False
Is 6328193 prime?
True
Is 5052481 a composite number?
True
Is 15717278 a prime number?
False
Is 37209463 composite?
True
Is 51624343 composite?
False
Is 12475207 a composite number?
False
Is 1840631 a prime number?
False
Is 207481409 a composite number?
False
Is 11673859 composite?
False
Is 2799323 prime?
False
Is 120539 a composite number?
False
Is 34405517 composite?
False
Is 50069 a prime number?
True
Is 33740573 a composite number?
False
Is 11860081 composite?
False
Is 5886407 a prime number?
True
Is 15087133 composite?
True
Is 38262005 a prime number?
False
Is 4339769 composite?
True
Is 16164263 prime?
False
Is 586268537 prime?
True
Is 37908953 a composite number?
False
Is 159469043 a prime number?
False
Is 45626257 prime?
True
Is 1266711947 a composite number?
False
Is 1265507 composite?
True
Is 90462089 a prime number?
True
Is 8382783 a composite number?
True
Is 3560603 prime?
False
Is 7809343 prime?
True
Is 152066181 prime?
False
Is 183319589 a prime number?
False
Is 7520699 a composite number?
True
Is 14015719 composite?
True
Is 1784753 prime?
True
Is 1154401 prime?
True
Is 1991573 a prime number?
True
Is 34758377 prime?
True
Is 1682377 a composite number?
True
Is 197904181 prime?
True
Is 194338 a prime number?
False
Is 4519527 prime?
False
Is 492229 a composite number?
True
Is 186595543 prime?
False
Is 14892133 a prime number?
True
Is 43573 prime?
True
Is 210983363 composite?
False
Is 737717 prime?
True
Is 27996637 prime?
False
Is 46314119 a prime number?
True
Is 29063263 a composite number?
False
Is 3187907 prime?
True
Is 37164991 a prime number?
True
Is 3517561 a composite number?
False
Is 9780487 prime?
True
Is 97053059 prime?
False
Is 590818049 a composite number?
True
Is 399005 a prime number?
False
Is 65850247 a composite number?
True
Is 76839989 a prime number?
False
Is 144811 a prime number?
False
Is 42215213 a prime number?
False
Is 9521441 a prime number?
True
Is 205044971 a composite number?
False
Is 978497 prime?
False
Is 8876321 composite?
True
Is 53444099 composite?
False
Is 7133807 prime?
False
Is 2957797157 a prime number?
False
Is 130663297 prime?
True
Is 980861 composite?
True
Is 7817541 composite?
True
Is 838284829 prime?
True
Is 16663631 composite?
False
Is 77179051 prime?
True
Is 88475773 a prime number?
False
Is 18300658 prime?
False
Is 7474189 a prime number?
True
Is 16372507 a prime number?
True
Is 12749827 prime?
True
Is 472349 a prime number?
True
Is 12955871 a composite number?
True
Is 52581931 a composite number?
True
Is 585555911 prime?
False
Is 294443641 composite?
True
Is 9199559 prime?
True
Is 127995449 a prime number?
False
Is 66682429 a prime number?
False
Is 14447221 a composite number?
False
Is 192040217 a composite number?
True
Is 1649342 a composite number?
True
Is 141724293 composite?
True
Is 66945821 a composite number?
True
Is 60416381 a prime number?
True
Is 25732457 composite?
True
Is 1316473 a composite number?
True
Is 10368037 a composite number?
False
Is 1997953 composite?
True
Is 228636781 a prime number?
True
Is 20093389 prime?
True
Is 2031773 prime?
False
Is 62594959 a prime number?
False
Is 1128877 a prime number?
False
Is 4857781 a composite number?
False
Is 4135429 a composite number?
True
Is 8286193 prime?
True
Is